) = -14*p + 18. Let r(v) = -5*w(v) - 8*y(v). Let n(z) = z - 2. Let t(x) = -8*n(x) - 3*r(x). List the prime factors of t(-6).
2, 5
Let g = -2 - -9. Let a(w) = 3*w - 3. List the prime factors of a(g).
2, 3
Let v(p) = -6*p + 3. Let n = 5 - 3. Let d be v(n). What are the prime factors of 3/((-1)/d*3)?
3
What are the prime factors of -42*8*(-6)/9?
2, 7
What are the prime factors of 0 + (1 + 3 - -49)?
53
Let n = 5 - 3. List the prime factors of 2 - (-2 - (-2)/n).
3
Let i = 119 + -19. Suppose -i = -4*z + 2*z. List the prime factors of z.
2, 5
Let w = 15 - 11. Suppose 34 = w*x - 2*g, 0 = 2*x + g + 4*g + 1. List the prime factors of x.
7
Let f = 16 + -16. Suppose f = -4*y + 3*y + 2*j + 6, -y + 2 = 2*j. List the prime factors of y.
2
Let x(u) = 6*u - 3*u + 4*u**2 + 3*u**2 + 3 + 0*u. List the prime factors of x(-2).
5
Suppose -4*i + 288 + 109 = v, -i + 5*v = -73. List the prime factors of i.
2, 7
Let d = 85 + -44. Suppose -2*q + d + 3 = 0. What are the prime factors of q?
2, 11
List the prime factors of 11634/78 - 4/26.
149
Let d be (-6)/(-9)*9*1. Let o be (d/(-3))/(-2) - 2. What are the prime factors of ((-4)/(-10))/(o/(-15))?
2, 3
Let s(v) = -14*v - 1. Let d be s(1). Let t = d + 29. List the prime factors of t.
2, 7
What are the prime factors of 195*1 - 3 - 3?
3, 7
Suppose -g + 78 = -0*y - 2*y, 2*y = -3*g + 218. What are the prime factors of g?
2, 37
Let z = 70 + -45. List the prime factors of z.
5
Let a = -52 - -295. List the prime factors of a.
3
Let l(o) = -o - 2. Let p be l(-5). Suppose -d = 2*g - 18, -p*d = 3*g + g - 38. Suppose -4*x = g, 3*x - x + 36 = 4*a. List the prime factors of a.
2
Let g(d) = 48*d**3 + 2*d**2 - d. Let n be g(1). Suppose 0 = 5*p - 3*l - n + 15, p = l + 8. List the prime factors of p.
5
Let t(v) = 3*v**2 + 17*v + 13. What are the prime factors of t(-11)?
3, 7
Suppose 5*h = 4*d + 352, 0*d - 4 = -2*d. List the prime factors of h.
2, 3
Suppose -4*b = -8*b + 312. List the prime factors of b.
2, 3, 13
Let q be (-153)/(-4) + 2/(-8). Let c = q - 21. What are the prime factors of c?
17
Suppose -94 = -2*l + c, 4*l - 3*l - 47 = 3*c. What are the prime factors of l?
47
Let x(b) = 7*b**2 + b + 1. Let o be x(2). Suppose -t = -5*g - 6, 0 = -5*t + 5*g - 1 + o. List the prime factors of t.
2, 3
Let n be 3 - 3/(-1 - -2). Suppose 6*x = 2*x + 48. Suppose n = -2*s - 4*r, x = 4*s - 3*s - r. List the prime factors of s.
2
Suppose -270 = -5*a - 4*m, 0*a - 4*m = 2*a - 120. List the prime factors of a.
2, 5
Suppose -16 = -2*w - 5*d, 3*w - 2*w + 3*d - 10 = 0. List the prime factors of w/(-7) - 477/(-21).
23
Let d(h) = -h**2 + 108. Let n be d(0). Suppose -3*t = t - n. What are the prime factors of t?
3
Suppose x = -6 + 2, 0 = -5*b - 4*x + 189. List the prime factors of b.
41
Suppose 5*p - 32 = 53. What are the prime factors of p?
17
Suppose -2*q = q - 36. Suppose -p + 4 = -3*v - 0*p, 4*p + q = -2*v. Let a = 5 - v. List the prime factors of a.
7
Let i(g) = 3*g**2 + g - 2. Let v = -6 + 6. Suppose v*l = -5*l + 10. What are the prime factors of i(l)?
2, 3
Let g(c) = c**2 - 3*c - 2. Let q be g(4). Suppose 2*d = -4*b, q*b = -0*d + 5*d - 48. What are the prime factors of d?
2
Suppose -2*t = -0*t - 70. Let j = t - 20. Suppose -3*k + 14 = 2*k - 2*i, -5*i = -j. List the prime factors of k.
2
Let f(j) = j**3 + 6*j**2 - 5*j - 4. Let a(g) = -g**3 - 6*g**2 + 4*g + 4. Let p(k) = -6*a(k) - 5*f(k). What are the prime factors of p(-3)?
2, 5
Let o(k) = -k - 5. Let m be o(-8). Suppose 15 = 4*y + 3*c, m*c - 20 = -y - c. Suppose -4*l + 1 + 7 = y. What are the prime factors of l?
2
Let x(i) = i**2 - 5*i - 2. Let w be x(7). Let y = 19 - w. List the prime factors of (-3 - -4)/(1/y).
7
Let n(z) = z**2 - 7*z + 9. Let t be n(6). Let o = t + -4. Let a = 4 - o. What are the prime factors of a?
5
Suppose -4*c + 23 = 3*i - 112, 2*c = 2*i + 78. Suppose -v + 2*v + c = 2*w, 0 = 5*v. Suppose 0 = -2*m + 2*o + w, 3*m + m - 2*o = 28. List the prime factors of m.
5
Let l = 51 + -32. What are the prime factors of l?
19
Let z be 21/9 - 2/(-3). Let x = -1 + 2. Suppose -a + z = -x. What are the prime factors of a?
2
Let r = 156 + -88. Suppose 0 = 5*b - 218 + r. Let p = b + -16. What are the prime factors of p?
2, 7
Let m(a) = -a**2 - 4*a + 1. Let d = -2 + 10. Suppose 3*j = -2*s - 4, 4*s + d = -7*j + 3*j. List the prime factors of m(s).
5
Let i(y) = -y**3 + 2*y**2 + y + 127. List the prime factors of i(0).
127
Suppose -75 = 2*k - 7*k - 2*x, 4*k = -x + 60. Let d be (0 - -1)*16 - 3. Suppose 4*n = d + k. What are the prime factors of n?
7
Let z(g) = 6*g**3 - 2*g**2 - g + 2. Let v be z(1). List the prime factors of (v + 1)*133/21.
2, 19
Suppose 5*v - 12 + 2 = 0. Suppose 3*x - k = 158, 0*x - 102 = -2*x + 4*k. Suppose x = 4*o + p + v*p, -4*p = o + 3. What are the prime factors of o?
17
Let a be 6/(-4)*(0 + -2). Suppose -a = -0*d + 3*d. List the prime factors of -4*3/6*d.
2
Let l = -8 - -20. Let g be (-30)/9*l/(-10). Let w = 10 - g. What are the prime factors of w?
2, 3
Suppose -4*u = q - 24, 3*u + 5*q - 18 = -0. List the prime factors of (8 - u)*(1 + 0).
2
Let z(y) be the second derivative of -y**5/20 + y**4/3 - y**2 - 3*y. What are the prime factors of z(3)?
7
Let g = 40 - -16. List the prime factors of g.
2, 7
Let l be ((-11)/(-5))/((-1)/(-5)). Let v = l + -7. What are the prime factors of v?
2
Let k(j) = 11*j - 5. List the prime factors of k(6).
61
Let b(a) = 10*a**2 + 0*a**3 + 3 - 9 + a**3 + 9*a + 2*a**2. List the prime factors of b(-11).
2
Let g(j) = 23*j. What are the prime factors of g(6)?
2, 3, 23
What are the prime factors of (-2 - (-600)/9)*9/3?
2, 97
What are the prime factors of (-356)/(-3)*3/2?
2, 89
Let w(u) = -9*u - 1. Let j(p) = 8*p. Let m(z) = -4*j(z) - 3*w(z). What are the prime factors of m(-4)?
23
Let x be ((-8)/3)/((-8)/12). Suppose 2*a - x - 12 = 0. What are the prime factors of a?
2
Let x be 2/10 - 216/30. Let v be x/(14/24) - 1. Let b = v + 18. What are the prime factors of b?
5
Suppose -4*b + 53 + 511 = 0. What are the prime factors of b?
3, 47
Let o be (-2)/(-5) - (-42)/(-5). Let p(d) be the second derivative of -d**3/6 - d**2/2 - 4*d. List the prime factors of p(o).
7
Suppose 7 = a - 0. Let c = a + 7. List the prime factors of c.
2, 7
Let q(p) = p**2 - 8*p + 7. Let b be q(8). List the prime factors of (-202)/(-8) - b/28.
5
Suppose 3*h - 3*p = 18 + 42, 0 = -h + 5*p. Suppose -x - 4*x = -h. What are the prime factors of x?
5
Let m(s) = -s**2 - 3*s + 2. Let k be m(-3). Suppose 4*x = -k*j, -3*x + 7*x = j - 12. Let v = 5 - x. What are the prime factors of v?
7
Let m = -24 - -78. Let q = -20 + m. Suppose 11 = 5*u - q. List the prime factors of u.
3
Suppose 88 = -2*p + 4*p. What are the prime factors of p?
2, 11
Suppose 0 = r - 2 - 108. List the prime factors of r.
2, 5, 11
Let w(t) = -6*t - 1. Let p(g) = 6*g + 1. Let c(i) = 2*p(i) + 3*w(i). Suppose 2 = -0*k - k. What are the prime factors of c(k)?
11
Let n = 47 - 11. What are the prime factors of n?
2, 3
Let m = -37 + 39. What are the prime factors of m?
2
What are the prime factors of 5*(18/5 + 1)?
23
List the prime factors of (110/(-30))/(1/(-72)).
2, 3, 11
Suppose -74 = -2*z + w, 7*z - 3*w = 4*z + 111. List the prime factors of z.
37
Let t(x) = x + 1. Let k be t(2). Let j = 28 - 29. Let v = k + j. What are the prime factors of v?
2
Let p = 183 - 78. What are the prime factors of p?
3, 5, 7
Suppose 0 = 5*u - 2*n - 161, 0 = -5*u - n + 89 + 63. Suppose 15*f - u = 14*f. What are the prime factors of f?
31
Let d = -1 - -1. Suppose n - 25 + 9 = d. Suppose -x - x + n = 0. List the prime factors of x.
2
Suppose -95 - 141 = -4*l. List the prime factors of l.
59
What are the prime factors of 0 + 33 - (-7 + 8)?
2
Let v(m) = m**2 + 2*m + 2. Let z be v(-2). Suppose -z*d = 3*d - 20. List the prime factors of d.
2
Suppose u = 2*u - 3. Suppose -10 + 37 = u*c. List the prime factors of c - (-2 - -2)*1.
3
What are the prime factors of (-14)/(-3*(-3)/(-18))?
2, 7
Suppose -2*q - 4*b = -690, 0 = 3*q - 4*b - 560 - 455. List the prime factors of q.
11, 31
Suppose -8 = 4*w - 40. Let l(h) = h**2 - 8*h + 8. Let q be l(w). What are the prime factors of (26/4)/(4/q)?
13
Let y(i) = -7*i**2 + 3*i. Let h(s) be the first derivative of s**3/3 + s**2/2 - 2. Let v(d) = 6*h(d) + y(d). List the prime factors of v(8).
2
Let y(d) be the third derivative of d**4/6